tors of n(c).
3, 17
Let d(n) = 384*n + 125. Let g(o) = -128*o - 41. Let r(i) = -3*d(i) - 8*g(i). List the prime factors of r(-10).
3, 137
Let r = 1946 - 974. List the prime factors of r.
2, 3
Suppose 0 = j - 22*j - 3864. Let o = j + 438. What are the prime factors of o?
2, 127
List the prime factors of (-14370993)/(-861) + 6/(-123).
16691
Suppose 2*h = -3*r + 91 - 5, 4*r = 2*h + 96. Let g = -15 + r. Suppose -14*d = -13*d - g. List the prime factors of d.
11
Suppose -4*m + 4 = -0*m, 0 = 3*i + 5*m - 2555. Suppose -i - 802 = -4*l. List the prime factors of l.
7, 59
Suppose 8*w - 4982 = 11066. Suppose 5*o + 316 - w = 0. List the prime factors of o.
2, 13
Suppose -2*b + 17183 = -3*t - 19501, 3*b + 4*t - 55026 = 0. List the prime factors of b.
2, 3, 1019
Let s = -917 + 913. List the prime factors of 6788/10*(-1)/(s/10).
1697
Suppose 14*j + 41*j + 30*j - 5552455 = 0. List the prime factors of j.
65323
Suppose 18*b + 5*l + 97519 = 22*b, b + l = 24364. List the prime factors of b.
24371
Suppose -2*b - 106 = -4*b. Let o be (12/(-18))/1*-24. Let z = b + o. List the prime factors of z.
3, 23
Let s(k) = -21*k + 31. Let r be s(-10). Let d = r - -127. What are the prime factors of d?
2, 23
Let p = 55 + -104. Let m = p + 52. Suppose 5*q + 210 = 2*f + 3*f, -3*q + 126 = m*f. What are the prime factors of f?
2, 3, 7
Suppose 60*y - 71*y = -89*y + 5862636. List the prime factors of y.
2, 3, 12527
Let x(i) = -18*i - 311 - i**2 + 0*i**2 - 8*i + 273. List the prime factors of x(-20).
2, 41
Suppose 0 = -5*k + d + 46, 2*k = k + 2*d + 2. Suppose k*t + 216 = 13*t. Suppose 30 = 3*n - t. What are the prime factors of n?
2, 17
Suppose -69 = -11*l + 8. Let b be (-4)/l - 7/(196/292). Let r(u) = u**2 + 1. List the prime factors of r(b).
2, 61
Let g(w) = -w**3 - 5*w**2 - 3*w + 5. Let u be g(-6). Suppose -136 = 5*d + u. List the prime factors of ((-3302)/d)/(2/3).
127
Suppose -l + 5*b - 13 = b, 0 = 2*l - 5*b + 14. Suppose -d - l*t = -222, d + 11*t - 9*t - 219 = 0. What are the prime factors of d?
3, 71
Let l = -119 + 119. What are the prime factors of (-581)/(-1) + l + (1 - 0)?
2, 3, 97
Let y be ((-7)/5)/((-13)/65). Suppose 3146 = y*p - 1194. List the prime factors of p.
2, 5, 31
Let q(r) = r**3 + 12*r**2 - 5*r - 1. Let f be q(-9). Let z = f - 16. What are the prime factors of z?
271
Suppose 0 = 4*x + 19*x - 2957064. List the prime factors of (-4)/34 - x/(-408).
3, 5, 7
Let n(i) = 11*i - 72. Let l be n(7). List the prime factors of (-7 - -2 - -93)*l.
2, 5, 11
Let f = -48 - -42. Let l = f - -12. Suppose -10*w - l = -11*w. List the prime factors of w.
2, 3
Let q(x) = 18686*x + 661. List the prime factors of q(2).
73, 521
Suppose 3*t + 0 - 7 = -n, -2*t + 5*n + 33 = 0. Let o be 328/12 + (-6)/(-9). Let a = o + t. What are the prime factors of a?
2
Let w be (-50596)/(-14)*5/2 - -2. List the prime factors of -2*(w/(-14) + -2).
5, 7, 37
Suppose -l + 8408 = 3*o + 1666, -24 = -3*o. What are the prime factors of l?
2, 3359
Suppose -3*p - 133 = -5*s, -25*p + 127 = 5*s - 22*p. Let m = 138 - s. List the prime factors of m.
2, 7
Let k(t) = -19 + 15 - 3*t + 21. Let u be k(5). Suppose 1 = u*p - 39. What are the prime factors of p?
2, 5
Let c be 2236/8*(-5)/15*-6. Let p = 945 - c. List the prime factors of p.
2, 193
List the prime factors of -41*1/(-2*(-7)/(-9114)).
3, 7, 31, 41
Let u = 20632 - -190. What are the prime factors of u?
2, 29, 359
Suppose 8 = 43*k - 39*k. Suppose -8 = 4*f, -3*v + 5*f + 539 = -k*v. List the prime factors of v.
23
Suppose -6548 = -2*f - l, -3*f + 9758 + 63 = 2*l. Suppose 2*i = -3*i + f. List the prime factors of i.
5, 131
Let r = 7204 + 2270. List the prime factors of r.
2, 3, 1579
Let g(f) = f**3 - 25*f**2 + 124*f + 69. List the prime factors of g(28).
71, 83
Let u = 117380 + -65067. List the prime factors of u.
52313
Let y(n) be the third derivative of 77*n**5/60 + n**4/6 - n**3/6 + 13*n**2. Suppose 2*q = 3*x - 5, 5*x - 7 = -q + 3*q. What are the prime factors of y(q)?
2, 3
Let f(r) = -3208*r - 930. What are the prime factors of f(-3)?
2, 3, 7, 23
Suppose 0*r = 3*r - 33. Let m(p) = -4*p - 20. Let n(b) = b - 1. Let f(c) = -m(c) - 3*n(c). What are the prime factors of f(r)?
2, 17
List the prime factors of 1/1*(-8 - 1 - -5439).
2, 3, 5, 181
Let h(a) = 2*a**3 - 41*a**2 + 19*a - 103. What are the prime factors of h(28)?
3, 17, 239
Let a = -37935 - -65791. List the prime factors of a.
2, 1741
Let t(b) = b**3 + 13*b**2 + 3. Let a be t(-13). Let x be 0/(1/a*9). What are the prime factors of x + 4/16 + 2001/12?
167
Suppose -91*l = -92*l - 6, -2*v + 12494 = -4*l. List the prime factors of v.
5, 29, 43
Let m = 32616 + -16295. List the prime factors of m.
19, 859
Let x(a) = -3*a**2 - 20*a - 6. Let d(c) = c**2 - 6*c - 6. Let b be d(-6). Let m be b/(-14) + 6/(-21). List the prime factors of x(m).
19
Let g(u) = 81*u**2 + 4*u - 180. What are the prime factors of g(-11)?
61, 157
Let c = -123 - -69. Let q = c - -40. What are the prime factors of (3/((-18)/80))/(q/42)?
2, 5
Let b(v) = 35*v**3 - v**2 - 6*v + 16. Let m be b(2). What are the prime factors of ((-147)/14)/((-12)/m)?
5, 7
Let c be 10 + 24/(-84) + (-52)/14. List the prime factors of (1276/c)/(86/129).
11, 29
Let v(f) = f**2 - 31*f + 32. Let q be v(30). Suppose -q*s + 536 = 4*x, 0*s + 5*x = -s + 259. List the prime factors of s.
2, 137
Suppose 0 = 3*b + 2 + 1. Let v(m) = 209 - 84*m - 435 + 215. List the prime factors of v(b).
73
Let p(g) = -g**3 + 3*g**2 + 12. Let s(i) = 2*i**3 - 6*i**2 - i - 23. Let o(b) = 11*p(b) + 6*s(b). What are the prime factors of o(6)?
2, 3, 11
Suppose -5*c - s + 2618 = -4*s, -3*c = -5*s - 1558. Suppose -170 = -v + y, -y - c = -3*v - 6*y. What are the prime factors of v?
2, 43
Let w(z) = 17 + 7 - 2*z - 7 + 2. Suppose -5*r = -2*l - 18, -2*l - 22 = -2*r + 8. What are the prime factors of w(l)?
3, 19
What are the prime factors of (1202 + 81)/((-2)/(-18))?
3, 1283
Suppose 3*v = -3*l + 18, 0 = 24*v - 20*v + l - 12. Let i(m) = 32*m**3 - m**2 - 3. What are the prime factors of i(v)?
3, 83
Let a = 20 + -18. Suppose -490 + 32 = -5*c - 4*g, c - a*g = 100. What are the prime factors of c?
2, 47
Suppose -2*j + 4*q - 12 = 86, -5*q + 187 = -4*j. Let i = 60 - j. List the prime factors of i.
103
Let j(n) = -860*n + 293. List the prime factors of j(-7).
59, 107
Suppose 13*j + 4*z + 373805 = 18*j, -z = 5. List the prime factors of j.
3, 24919
Suppose -l - 14 + 23 = 0, 2*f - 122764 = 2*l. What are the prime factors of f?
11, 5581
Let c = -80372 + 116469. List the prime factors of c.
36097
Suppose y - 22 = -2*m - 1, -5*y = -m + 5. Suppose m*w - 1310 = 7*w - 4*a, -3*a = 3. List the prime factors of w.
2, 3, 73
Let x(g) = -2*g**3 + 35*g**2 + 24*g - 269. What are the prime factors of x(12)?
7, 229
Let w = -4230 - -7166. List the prime factors of w.
2, 367
Suppose 209*o - 3358 = 208*o. What are the prime factors of o?
2, 23, 73
Let r = 19959 - 13876. What are the prime factors of r?
7, 11, 79
What are the prime factors of ((-765)/17 + 13)/((-2)/1084)?
2, 271
Let q be 210 + 3/(9/3). Let t = 1036 - 1081. Let m = t + q. List the prime factors of m.
2, 83
Suppose -2146376 = 84*o - 326*o + 4422956. What are the prime factors of o?
2, 7, 277
Suppose -3*d = -11 - 16. Let f = 793 - 138. Suppose f = -4*s + d*s. What are the prime factors of s?
131
Suppose 3*x - 21547 = -k, 5*k - 75673 - 32152 = 3*x. What are the prime factors of k?
2, 10781
Suppose -188 = 4*j - 4*y + 252, -5*y + 94 = -j. Let v be -9*(2 - (2 - -21)). Let c = v + j. What are the prime factors of c?
3, 5
List the prime factors of 15/6*893246/415.
5381
Let b(d) = 2*d**2 + 7*d - 14. Let t be b(4). Suppose -42*y = -t*y. Suppose -10*w + 81 + 49 = y. What are the prime factors of w?
13
Suppose -2*g - 6 + 10 = 0. Suppose -2*p - d = -0*d - 13, -6 = -4*p + g*d. Suppose 228 = p*f - 4*b, -3*f + 239 = -4*b + 73. What are the prime factors of f?
2, 31
Let i(n) = -103*n - 7 + 101*n - 55*n. List the prime factors of i(-9).
2, 11, 23
Let a(u) = -3*u + 10. Let j(h) = -2*h - 16. Let r be j(-8). Suppose 2*f - 2*p + 14 = r, -f + 0 = -5*p - 5. What are the prime factors of a(f)?
2, 5
Suppose 5*t = 2*k + 261363, 24*t - 22*t - k - 104544 = 0. List the prime factors of t.
3, 5, 17, 41
Suppose 6*k - 2916 = 4716. Let p = k - 577. What are the prime factors of p?
5, 139
Suppose -4*x - 2*w = 